
4
What is the greatest common factor of 8595279 and 1694?
77
What is the highest common divisor of 2385929902 and 1786?
1786
What is the greatest common divisor of 4347 and 768936?
483
Calculate the highest common divisor of 245982065 and 35.
35
What is the highest common factor of 854 and 127578206?
854
What is the greatest common divisor of 275665 and 15665?
65
Calculate the greatest common factor of 24284878 and 2.
2
Calculate the highest common divisor of 80740665 and 270.
135
Calculate the highest common factor of 2437842 and 53664.
258
Calculate the highest common divisor of 4401845 and 19313.
217
What is the greatest common factor of 25942593 and 15?
3
Calculate the highest common divisor of 387645189 and 111.
111
Calculate the highest common divisor of 305681 and 21743.
1279
Calculate the highest common factor of 6689507 and 15664.
979
What is the highest common divisor of 171207 and 1512?
27
What is the highest common factor of 871 and 2953963?
67
What is the highest common factor of 4802603 and 17342?
377
Calculate the highest common factor of 2478030 and 270.
30
What is the highest common divisor of 124 and 64038622?
62
What is the greatest common divisor of 4783905 and 2205?
315
What is the highest common factor of 6047059 and 734?
367
What is the highest common divisor of 12351 and 327651445?
4117
Calculate the greatest common factor of 14 and 36318597.
7
What is the greatest common divisor of 14153936 and 8816?
304
Calculate the greatest common divisor of 595346686 and 3476.
1738
Calculate the highest common divisor of 84 and 292383798.
42
What is the greatest common factor of 515970 and 366860?
130
Calculate the greatest common factor of 54053300 and 5.
5
Calculate the highest common factor of 14 and 592211333.
7
Calculate the highest common factor of 189090 and 34470.
90
Calculate the greatest common divisor of 754969833 and 3.
3
Calculate the greatest common factor of 81 and 186215.
1
What is the greatest common divisor of 5 and 18793465?
5
What is the highest common divisor of 20683 and 70151963?
1591
What is the highest common divisor of 372485484 and 265?
53
What is the greatest common factor of 219024 and 58320?
1296
Calculate the greatest common factor of 48486921 and 5635.
1127
What is the greatest common divisor of 31392 and 50926980?
1308
What is the greatest common divisor of 138 and 20504546?
46
What is the highest common divisor of 19089429 and 678?
339
Calculate the highest common factor of 314000 and 37375.
125
What is the greatest common factor of 2096 and 197056?
16
Calculate the highest common divisor of 79216 and 1264.
16
Calculate the greatest common factor of 4344405 and 27885.
195
What is the highest common divisor of 435485309 and 2513?
2513
What is the highest common divisor of 10020391 and 582?
97
Calculate the highest common factor of 44 and 13071256.
44
What is the greatest common divisor of 189586516 and 368?
92
Calculate the greatest common divisor of 74667648 and 429.
33
What is the highest common divisor of 88 and 89856404?
44
Calculate the highest common divisor of 390176 and 7124.
548
Calculate the greatest common factor of 52932 and 20526.
66
What is the greatest common divisor of 4239 and 1213461?
27
What is the greatest common divisor of 544643 and 11792?
737
What is the greatest common factor of 3895841 and 18389?
2627
What is the greatest common divisor of 4893 and 2362374651?
4893
Calculate the greatest common divisor of 31900 and 377696.
1276
What is the greatest common factor of 7242 and 2075394?
102
Calculate the highest common factor of 1834083 and 729.
81
What is the greatest common divisor of 17906 and 31836?
14
Calculate the highest common divisor of 2666703 and 547521.
3939
What is the greatest common factor of 940 and 8273410?
470
What is the highest common divisor of 5234048 and 8337?
397
What is the greatest common factor of 476812 and 40208?
28
What is the highest common factor of 7020 and 105896180?
260
Calculate the highest common factor of 20995545 and 2670.
1335
What is the highest common factor of 6 and 128442386?
2
What is the greatest common divisor of 27138272 and 97?
97
What is the greatest common factor of 6183642 and 552?
138
What is the greatest common factor of 1471 and 252104393?
1471
Calculate the greatest common factor of 87225645 and 390.
195
What is the highest common divisor of 36290688 and 2688?
2688
What is the greatest common divisor of 3137450 and 64976?
262
Calculate the highest common factor of 419175 and 529.
23
What is the highest common factor of 718168585 and 215?
215
What is the greatest common factor of 619520 and 228352?
1024
What is the greatest common factor of 144540108 and 60?
12
What is the highest common factor of 26254446 and 39636?
2202
Calculate the greatest common divisor of 24992209 and 77.
11
What is the greatest common factor of 89550981 and 22248?
2781
Calculate the highest common factor of 854218 and 1930.
386
Calculate the highest common divisor of 24 and 591516.
12
What is the highest common divisor of 2032790174 and 199?
199
What is the greatest common factor of 1962 and 12456?
18
Calculate the greatest common factor of 136 and 610759544.
136
Calculate the greatest common divisor of 23 and 203331063.
23
Calculate the highest common factor of 127823995 and 5980.
1495
Calculate the greatest common factor of 5066 and 2567.
17
Calculate the greatest common factor of 43630274 and 31368.
2614
What is the highest common factor of 190121140 and 868?
124
What is the greatest common divisor of 25639542 and 3627?
279
Calculate the greatest common factor of 15906838 and 874.
38
Calculate the highest common divisor of 3599800779 and 41.
41
What is the highest common divisor of 808803117 and 25078?
12539
What is the highest common factor of 70 and 20819190?
70
What is the greatest common divisor of 243 and 360044838?
243
What is the highest common factor of 160 and 73830080?
160
What is the highest common factor of 633 and 15856439?
211
Calculate the highest common divisor of 5005 and 6838601.
77
What is the greatest common factor of 111 and 191517?
3
What is the greatest common divisor of 101 and 581459222?
101
What is the greatest common divisor of 580 and 95654615?
145
Calculate the greatest common divisor of 78 and 28816138.
26
Calculate the highest common factor of 696 and 608445056.
232
Calculate the greatest common factor of 629 and 967249.
17
What is the highest common factor of 1349 and 19958739?
71
Calculate the highest common divisor of 45254715 and 15.
15
What is the highest common divisor of 20050 and 14175?
25
Calculate the highest common divisor of 1257561 and 639.
9
Calculate the highest common divisor of 3475 and 2686825.
25
What is the greatest common divisor of 33219718 and 21?
7
What is the greatest common factor of 11764477 and 69?
23
Calculate the greatest common factor of 14704964 and 47044.
2476
Calculate the greatest common factor of 8784 and 3823236.
2196
What is the greatest common factor of 2813 and 16144619?
29
What is the highest common factor of 705 and 5626887?
141
Calculate the highest common factor of 453 and 34961634.
453
Calculate the greatest common divisor of 20886757 and 95.
19
What is the highest common divisor of 137202 and 27534?
78
Calculate the highest common factor of 6680 and 136798885.
835
Calculate the highest common factor of 812 and 98912912.
28
Calculate the greatest common divisor of 295526 and 58102.
418
Calculate the greatest common factor of 3249 and 2357919.
171
Calculate the highest common divisor of 728 and 881698168.
104
Calculate the highest common divisor of 138466601 and 1127.
1127
Calculate the greatest common divisor of 1658637776 and 7548.
2516
What is the highest common factor of 5556555 and 360?
45
What is the highest common divisor of 100 and 207027760?
20
What is the greatest common divisor of 914485 and 603460?
715
Calculate the highest common divisor of 81198150 and 1200.
150
What is the greatest common divisor of 106601 and 11374?
121
What is the highest common divisor of 91332 and 47672?
236
What is the greatest common divisor of 2253 and 56737299?
2253
Calculate the greatest common divisor of 68004 and 282996.
36
Calculate the highest common divisor of 167972 and 3